 3*s = -r*b - b + 6302, -2074 = -s + 5*b. Is s a prime number?
True
Suppose 23*p = 13*p. Let z(w) = -2*w**2 + w + 7601. Is z(p) a composite number?
True
Suppose 6*u = -3*u + 45. Suppose 2 - 22 = -u*c, -y - 4*c + 28 = 0. Suppose 13*m - 219 = y*m. Is m a composite number?
True
Let g = 24092 + -15595. Is g prime?
False
Let u(g) = -2*g + 17. Let r be u(7). Suppose -r*i - 20 = -7*i. Suppose 4*y - i*d = 699, 5*y - 304 - 606 = -d. Is y composite?
False
Let x = -216 - -151. Let p = x - -59. Is (-7)/21 + (-5264)/p a prime number?
True
Let o = 941925 - 595096. Is o a prime number?
False
Let l(g) = 292*g**2 + 10*g - 76. Is l(7) prime?
False
Suppose 0 = 4*k + j - 4*j - 6, 3*k + 5*j - 19 = 0. Suppose -4*g - 3*r + 15 = -6*g, -k*r + 15 = 5*g. Let a(q) = -q**2 - 2*q + 467. Is a(g) composite?
False
Suppose 2*f = 4*a + 40, 3*f = -0*f - 2*a + 20. Let z be (-5)/(f/8) - -408. Let x = z - -183. Is x a prime number?
True
Let q = 48 - 27. Let y = -21 + q. Is (156/18)/((-4)/(-222) + y) composite?
True
Let g be 0/(-5 + 2 + 5). Suppose 3*k = 5*n + 4 + 3, 5*k - 22 = -2*n. Suppose k*f + g*q - 4*q = 1660, -2*f - q = -842. Is f prime?
True
Let o(i) = -6969*i**3 - 4*i**2 + 32*i + 122. Is o(-3) a prime number?
False
Let a = -184603 - -274230. Is a prime?
True
Suppose -3515 = -5*i + d + d, 0 = 5*d. Let n = i + -159. Let k = -95 + n. Is k a prime number?
True
Let c be (-1 + 4 - 4)*-33. Let m be 530*(c/(-6)*-2)/2. Suppose 2*h = -3*h + m. Is h prime?
False
Suppose 8*w - 1602949 = -3*v, -28*v + 24*v = 2*w - 2137326. Is v a composite number?
True
Suppose -2*a + 3*l + 2*l = -1498, -2*a - l = -1486. Suppose -d + 3245 = -a. Is d composite?
False
Is 4 - (-799335)/62*(-46)/(-1) composite?
False
Let v(f) = 261*f - 136. Let w(c) = c**2 + 2*c - 23. Let r be w(-8). Is v(r) a prime number?
True
Let o be 6*(-2 + 50/15). Let i be 1 - (-1)/((-2)/(-3970)). Suppose 2*n - o*n = -i. Is n prime?
True
Let z(t) = -3*t**3 - 346*t**2 - 175*t + 583. Is z(-122) prime?
False
Let g(h) = 292*h - 42. Suppose i + 2*r - 4 = 0, -5*i - 5*r + 25 = -0*r. Let l be (-15)/i*((0 - 0) + -2). Is g(l) a prime number?
False
Let w(b) = -1 - 18*b**2 - b**3 - 227*b + 45*b**2 + 201*b. Is w(21) a composite number?
False
Is (1 + -84*213)*(-116 + 105) a composite number?
True
Suppose 245 = 6*v - v. Let f = v + -37. Let t(h) = 6*h + 39. Is t(f) a prime number?
False
Suppose -4705*s - 119518 = -4707*s. Is s prime?
False
Suppose -3*k + c = 2*k - 3665, -5*c = 0. Let r = -425 + k. Suppose r = 5*f - h, -f = 2*f - 5*h - 176. Is f prime?
False
Let i = 1 - 13. Let d(f) = f**3 + 18*f**2 + 16*f - 5. Is d(i) composite?
True
Suppose -12*i + 3 = 51. Let u be 3 + (-4 - i) + (-1 - 0). Suppose -b - 4*c = 3*b - 2760, -b = -u*c - 681. Is b a prime number?
False
Let v(l) be the first derivative of -3/4*l**4 - 11/3*l**3 - 13*l - 3/2*l**2 - 19. Is v(-8) prime?
False
Suppose -6182087 = -3*z + 2*f, -42*z - f = -39*z - 6182111. Is z a composite number?
True
Let t be 2 - 1398/((-8)/4). Suppose -1946 - t = o. Let s = o + 4062. Is s composite?
True
Suppose 12 = -5*x + 2*x, 3*x = 4*w + 4. Let r be 1*9/((-3)/(-1)) - w. Suppose -r*k + k + 1644 = 0. Is k prime?
False
Let x(q) be the second derivative of -302*q**3/3 + 53*q**2/2 + 16*q. Is x(-17) prime?
True
Suppose -10*o + 71898 = -33*o. Let v = -1027 - o. Is v composite?
False
Let k = -11 + 5. Let x be k/(-27) + (-44)/36. Let h(u) = -9*u**3 + u**2 - 2*u - 2. Is h(x) a composite number?
True
Suppose 0 = y + l - 11336, -4*y + l = -4*l - 45326. Suppose 0 = 4*a + 4*x - 2*x - y, -2*a - 3*x = -5669. Is a composite?
False
Let q = 7358 + 44223. Is q a prime number?
True
Let c(w) = 4 - 1 - 22 - 18*w + 6*w**2 - 5. Let q be c(-17). Let u = q - 1087. Is u a composite number?
False
Suppose -47*z + 62*z = 210. Is (-7 + 68635/z)*2 composite?
False
Let n(o) = -189*o + 37. Let k(b) = -380*b + 73. Let d(u) = 3*k(u) - 5*n(u). Is d(-5) composite?
False
Let o(f) = 113*f**2 - 12*f - 21. Let z be o(-21). Suppose -z = -4*v + w, -3*w - 4908 - 7619 = -v. Is v a prime number?
False
Let d be (-414)/90 - ((-2)/(-5) + -1). Suppose 4008 = -2*b + 5*b. Is -1 + 2 - (b/(-2) + d) a composite number?
False
Let n(j) = -12*j + 13. Let h be n(1). Let w(i) = 4644*i**2 + 4*i - 3. Is w(h) composite?
True
Let g = 130651 - 78774. Is g a prime number?
False
Is (-795483)/(-3) + -3*(-2)/(-3) composite?
True
Suppose 2*k + 20*s = 15*s + 292347, -4*s - 584624 = -4*k. Is k a prime number?
True
Let v = -1899 - -1320. Let y = -328 - v. Is y a prime number?
True
Suppose 585 + 1619 = 2*o. Suppose 898 = -3*j - 785. Let v = j + o. Is v composite?
False
Let d = 3320 + -1641. Suppose -2*c + 582 = 3*x - 253, -3*x = -4*c + d. Is c a composite number?
False
Let m(p) = -p**3 - 8*p**2 - 11*p + 8. Let t be m(-6). Is (1 - t) + (-8 - -3088) composite?
False
Let s(m) = m**3 + 4*m**2 - 6*m + 5. Let w be s(-5). Let h = 1326 + -1306. Is 209 + ((-2)/w - (-4)/h) a prime number?
False
Let v(z) = -2*z - 1. Let t be v(-3). Suppose 3*m + 3*f - 1 = t*f, -f - 11 = -5*m. Is (4 + -721)*m/(-9) composite?
False
Let h = -2383 + 761. Let j = h - -3353. Is j a prime number?
False
Is 11/((-165)/(-6310200)) - 9 composite?
False
Let z be (6/(-2))/(0 - 1). Suppose -15 = -2*r + 3*y, 0 = 14*r - 11*r - 5*y - 24. Suppose 3*n + 1022 = -r*c + 3188, -z*n = 5*c - 2164. Is n a prime number?
False
Let b = 354745 + -214692. Is b prime?
True
Let w(t) = -2*t**2 + 58*t + 264. Let c be w(33). Suppose 4*f = 4 + 12. Suppose b + 1086 = u, 4*b - f = -c*b. Is u a composite number?
False
Let i = -21 + 25. Suppose -z + 24 = i*t, -2*z + 1 = -3*t - 3. Is ((-2)/5)/(z/(-3980)) prime?
True
Let t(x) = 4 + 2 - 32*x - 4. Let i be t(-2). Suppose 0 = -r + 221 - i. Is r prime?
False
Suppose -3*k + 11 = 5. Suppose 7*d - k*d + 10 = -3*o, 0 = 4*o - 3*d - 6. Suppose -z - 2*c + 1975 = 0, -4*z - c + 4300 + 3593 = o. Is z composite?
False
Suppose -224283 = -3*t + 183510. Is t a prime number?
False
Let l = 3190537 + -1851390. Is l a composite number?
False
Let k be (-2)/3 - (-48)/18 - -18. Suppose -k*d = -8*d + 13368. Let u = -648 - d. Is u a composite number?
True
Let u(q) = -q**3 + 7*q**2 + 62*q - 14. Let d be u(12). Suppose -d*z + 198509 = 7*z. Is z a prime number?
True
Let n(b) = 753*b**2 + 14*b + 219. Is n(-8) a composite number?
False
Suppose 4*r - 2*r = 2694. Let a = 1372 + r. Is a a composite number?
False
Is (-27)/81 + 857802/9 composite?
False
Let v be (-24)/11 - (2 + (-168)/77). Let r be (-6)/1*((-32)/12 - v). Suppose r*z + 3*k - 1877 = 0, 2*z + k - 922 = 5*k. Is z a prime number?
True
Let x be (-39)/12 + (-51)/68. Let f(k) = 5*k + 9 - k**2 + 4*k**2 + k**2 - 30*k**3. Is f(x) a composite number?
False
Is 1735745/57 + 4/3 a composite number?
True
Let o be -341*(-29)/((-6)/(-6)). Suppose o = 20*c - 101811. Is c a prime number?
False
Let m = -536 - -536. Suppose m = n + 43*n - 160556. Is n a prime number?
False
Suppose 2*k - 3*w + 9 = 6*k, -k + 5*w = 15. Suppose q + 2*q - 9651 = k. Is q prime?
True
Let g(r) = -2*r + 56. Let w be g(6). Suppose 43 - w = -v. Let k(c) = 1093*c - 2. Is k(v) a composite number?
False
Let m be 80/13 - 20/130. Suppose 7*a = m*a + 5. Suppose -a*g = -g - 276. Is g a prime number?
False
Let j = -26 - -134. Suppose -3*g + 0 = -j. Is 5228/g + (-6)/27 prime?
False
Suppose -13*m + 332325 = 98559. Let p = m + -8569. Is p prime?
True
Let g(j) be the third derivative of -j**6/40 - 7*j**5/60 - 7*j**4/12 - j**3/2 + j**2 + 51*j. Is g(-5) prime?
False
Let b = 301 + -298. Is ((-4)/((-6)/b) - 7) + 2116 prime?
True
Let l = 51212 + -9782. Suppose -5*k = 5*b - l, 14117 + 2437 = 2*k - 4*b. Is k/(-1)*3*(-5)/45 a prime number?
False
Let i = 4746 - -3132. Suppose -26068 = -22*j + i. Is j prime?
True
Is -1*10/(-6)*(-21)/35 - -536854 a composite number?
True
Let n(z) = 9*z**2 - 7. Let w(u) = 26*u**2 - 20. Let p(j) = -11*n(j) + 4*w(j). Let f be p(9). Let i = 637 - f. Is i a prime number?
False
Is (7 + (-7764)/48)*-236 a prime number?
False
Let k(z) be the first derivative of -51*z**2/2 - 35*z - 55. Is k(-22) prime?
True
Let q(y) = -2*y**2 - 8*y - 8. Let j be q(-5). Let b = -14 - j. Suppose -3*i - 3*m - 73 = -b*i, -4*m - 8 = 0. Is i a prime number?
True
Let x(y) = 20*y + 4. Let r be x(12). Suppose 9 + r = 11*t. Suppose -2555 = -28*c + t*c. Is c a prime number?
False
Is (-1)/(40/(-108848)*4/10) a composite number?
False
Suppose 4*